ctors of d?
29
Let u = -56 - -79. Suppose 17 = 2*a - 5. Let i = u - a. List the prime factors of i.
2, 3
Suppose -4*c + 15 = 2*y - 5, c + 9 = 3*y. Suppose 0 = 2*z + 3 + c. What are the prime factors of (-4)/6*z - -1?
3
Let f = 16 - -94. List the prime factors of f.
2, 5, 11
Let h be -2 + (-1)/((-2)/4). Suppose c + 3*z = 13 - h, 3*z + 65 = 5*c. What are the prime factors of c?
13
Let j be (0/6)/(-1 + 0). Suppose 4*w - 128 + 8 = j. What are the prime factors of w?
2, 3, 5
Suppose -2*n = 4*m + 16, 0 = -3*n - 2*n + m + 15. Suppose -3*x + 0*p + 18 = -4*p, 16 = n*x - 4*p. List the prime factors of x.
2
Let k be (-5 - -1) + (-29)/(-1). Suppose g + x - 15 = k, -g - 5*x = -20. List the prime factors of g.
3, 5
Let s be 0 + (2 - 8)/3. Let m(w) = -4*w + 28. Let r(c) = c - 7. Let h(p) = s*m(p) - 9*r(p). What are the prime factors of h(-6)?
13
Let b(z) = 6*z**2 - 8*z + 4. List the prime factors of b(-4).
2, 3, 11
What are the prime factors of 35 - 8 - (-5 + 2)?
2, 3, 5
Let d(l) = 10 + 18 - 8 + l. Let m = -28 + 16. What are the prime factors of d(m)?
2
Let g = -18 + 36. What are the prime factors of g?
2, 3
Let i be 3 - (3 + (-13 - 0)). Suppose 4*n = i + 159. What are the prime factors of n?
43
Suppose 288 = -0*n + 4*n. Suppose 2*c = -v - 32, -5*v + 3*v = 2*c + n. Let m = -28 - v. List the prime factors of m.
2, 3
Let h = -22 - -67. What are the prime factors of h?
3, 5
Let d(l) = -l**3 + 4*l**2 + 4*l + 7. Let p be d(5). Suppose -p*j - 20 = -3*u + u, -3*j = -15. List the prime factors of u.
3, 5
Let q(t) = -t + 19. List the prime factors of q(0).
19
Let o(w) = 3*w - 7. List the prime factors of o(8).
17
Suppose 0 = 3*y - 4*o - 146, -y + 0*y + 50 = -2*o. What are the prime factors of y?
2, 23
Let m(f) be the third derivative of -f**4/4 - f**3/6 + f**2. What are the prime factors of m(-3)?
17
Let z be (-2)/4*(3 + -1). What are the prime factors of -3 + 8 + (z - 1)?
3
Let g(x) be the first derivative of 16*x**3/3 + x**2 - x - 5. Let w be -1 - 3/(6/(-4)). What are the prime factors of g(w)?
17
Let p be 6/((-5)/(-4) + -2). Let n be (-26)/2*-1*1. Let c = p + n. What are the prime factors of c?
5
Let m(c) = -c**3 + 6*c**2 - 3*c - 7. What are the prime factors of m(4)?
13
Let t = -34 - -50. Suppose -t = y + y. List the prime factors of ((-6)/10)/(y/40).
3
Let q(w) = w**2 - 2*w - 3. Let m be q(3). Suppose m = -5*l - 0*l. Suppose -16 = -4*a, 18 = 2*u + a - l*a. List the prime factors of u.
7
Let w be (-1)/4 - 1/(-4). Let k(g) = -2 + 4*g**2 + w*g**2 + 5*g + 6 + 2*g**3 - 3*g**3. List the prime factors of k(5).
2
Suppose 5*b = 15, -19 = -p - 3*p - 5*b. Suppose -4*s + 41 = p. What are the prime factors of s?
2, 5
Let w be -1*2*(-1)/(-2). Suppose 60 = -g - g - 4*q, -5*g - 126 = 2*q. List the prime factors of w/(-2 + (-45)/g).
2
Let p(z) = -z + 2. Let r be p(4). Suppose -50 - 6 = 7*x. What are the prime factors of (6/x)/(r/24)?
3
Let r(i) = -13*i**3 + i. Let o be r(1). Suppose 0*t = 3*t + 15. List the prime factors of (o/15)/(1/t).
2
Suppose -16 = 4*j + s, -27 = 2*j + 3*j + 3*s. Suppose -2*g + 29 = 5*c, -2*g - 2*g - c = -31. Let l = j + g. List the prime factors of l.
2
Let c(s) = 7*s**2 + 8*s - 3. Let p(u) = -6*u**2 - 7*u + 3. Let i(o) = -4*c(o) - 5*p(o). List the prime factors of i(-3).
2, 3
Suppose 3*i - 4*r = 49, -4*i - 5*r - 42 = -6*i. Let s = -8 + i. Suppose -x + h = -7, 0 = 4*x + s*h - 4*h - 28. List the prime factors of x.
7
Let u(d) = -2*d. Let i(c) = c. Let v(p) = 5*i(p) + 2*u(p). Let n be v(3). Suppose -12 = n*x - 4*x. List the prime factors of x.
2, 3
Suppose -4*d - 548 = -8*d. What are the prime factors of d?
137
Let p(g) = -4*g**3 - g**2. Let h be p(-1). Suppose -3*k + 2*a = -h - 13, 0 = 5*k + 3*a - 52. What are the prime factors of k?
2
Suppose 40 = x + b, 4*x - b = 62 + 73. Let r be 14/x + (-16)/(-10). List the prime factors of (r + 12/(-10))*20.
2
What are the prime factors of 2 - -17 - (3 - 2)?
2, 3
Let l = 16 - 9. Suppose 1 = -3*f + l. List the prime factors of f.
2
Suppose -260 = -5*v + 25. What are the prime factors of v?
3, 19
Let k(o) = -47*o - 40. List the prime factors of k(-8).
2, 3, 7
Let o(y) = -y**3 - 5*y**2 + 2*y - 8. What are the prime factors of o(-6)?
2
Suppose b = -z + 2*b + 4, 0 = -5*b - 10. Let a = -8 - -20. Suppose -z + a = w. What are the prime factors of w?
2, 5
Suppose 0 = -3*r - 2*r - 15. Let g be ((-4)/r)/(5/15). Suppose 3 = -3*x, 52 = t + 3*t - g*x. What are the prime factors of t?
2, 3
Suppose 0 = -2*q - z + 33, -4*z - 8 = 2*q - 50. What are the prime factors of q?
3, 5
Suppose -3*y = -65 - 40. List the prime factors of y.
5, 7
Let y(f) = f**3 - 8*f**2 + 4*f + 6. Let s be y(8). Let c = s + -18. What are the prime factors of c?
2, 5
Let j(i) = 8*i - 8. List the prime factors of j(7).
2, 3
Let d = 108 - 6. List the prime factors of d.
2, 3, 17
Let m(f) = -14*f - 6. Let w(i) = -i - 1. Let t(v) = -m(v) + 10*w(v). List the prime factors of t(3).
2
List the prime factors of ((-621)/(-2))/3*2.
3, 23
Suppose 32 = 3*w + 116. Let p = w - -49. List the prime factors of p.
3, 7
Suppose 0 = -3*x + 4*m - 14, -4*x - 3*m = 2. Let u be ((-1)/x)/(5/390). Suppose 4*j - u = -6*p + 3*p, -j = 5*p - 65. List the prime factors of p.
13
Suppose -2*v + g + 68 = 0, 112 = 2*v + v + g. List the prime factors of v.
2, 3
Suppose -4*s + 6 = -2. List the prime factors of 27 + (-9 + 3)/s.
2, 3
Let k(g) = -g + 7. Let b be k(5). Let f be 4*(0 - b)/(-2). What are the prime factors of (10 - f)*6/4?
3
What are the prime factors of -1 + ((-224)/(-24))/((-2)/(-18))?
83
Let p(h) = h**2 - h - 2. Let a be p(2). Suppose a = 3*g + 42 - 6. What are the prime factors of (-1 + -11)*15/g?
3, 5
Let n(q) = q**3 + 5*q**2 + 6*q + 1. Let i be n(-5). What are the prime factors of (3 + i/2)*-2?
23
Suppose 2*f = 4*l - 24 + 6, 4*l - 3*f = 15. What are the prime factors of l?
2, 3
Suppose -15 = -3*j + 15. Let g = -7 + j. Suppose 4*d + 5*x - x = 20, 2*d - 8 = -g*x. What are the prime factors of d?
7
Let i(l) = -l + 17. Let h be i(14). Suppose -3*b = -h*m - 117, 4*b - 144 = -m + 2*m. Let u = b - 16. List the prime factors of u.
19
Let a be 6/(-4)*(-8)/3. Suppose -a*u = -4, 3*g + 3*u = -2*g + 48. What are the prime factors of g?
3
Let d(h) = h + h + 2 - 3*h. Let i be d(0). Suppose -3*a = -i*a - 9. What are the prime factors of a?
3
Let l = 3 + 0. Let d(a) = 0 + 5*a - 3*a - 3. What are the prime factors of d(l)?
3
Suppose 0 + 184 = j. What are the prime factors of j?
2, 23
Let z = 18 + -19. List the prime factors of (78/6)/(z/(-2)).
2, 13
Let w = 4 + -7. List the prime factors of (((-84)/w)/(-1))/(-2).
2, 7
Let j = -18 + 97. List the prime factors of j.
79
Let q(n) = n**2 + 4*n - 12. Let h be q(-6). Let x(v) = -15*v + 2. Let i be x(-3). Suppose -i = -5*m - w, -2*m + h*w + w = -23. What are the prime factors of m?
2, 5
What are the prime factors of (-1160)/(-32) - (-1)/(-4)?
2, 3
Suppose -4*y - 285 = y. Let u = 84 + y. What are the prime factors of u?
3
Suppose -32 = -0*o - 4*o. Suppose -3*k = -3*i + 36, -2*i + o + 16 = -3*k. What are the prime factors of i?
2, 3
Let h be (3 + -2)/((-2)/(-8)). Suppose h*r = -4*x + 96, -52 = -0*x - 2*x - 4*r. What are the prime factors of x?
2, 11
Let h(o) = -6*o - 4*o**2 + 0 + 2 + 11*o**2 - o**3. Suppose 2*f = 4*x - 30, 4*f - 3*f - 9 = -2*x. List the prime factors of h(x).
2
Let q = -35 + 62. What are the prime factors of q?
3
Suppose 0*t + 27 = -3*t. Let r = 17 + t. What are the prime factors of r?
2
Let b(n) = -n**2 + 7*n - 4. Let d(a) = 0 - 3 + a - 5*a - a**3 - 2*a**2. Let h be d(-2). What are the prime factors of b(h)?
2, 3
Let k be 1/(-2)*10/(-1). Let w be k - (-2 - 3/(-1)). Suppose 3*t + w = 4*t. What are the prime factors of t?
2
Let l = -15 + 2. Let o = l + 15. List the prime factors of o.
2
Let z(w) = w**3 + 5*w**2 - 2. Suppose -2*v = 3*v. Suppose v = -t - 3 + 1. List the prime factors of z(t).
2, 5
List the prime factors of (-9)/(-5)*-3*-5.
3
Suppose 5*x + 0*x = 25. List the prime factors of 2/(x + -3)*14.
2, 7
Let q(r) = -3*r - 6. Let v be q(-6). Let o be v/9*6/4. List the prime factors of 28/o + -2 + -1.
11
Let y(z) = z**2 + 5*z + 8. Let o be y(-6). What are the prime factors of 4/o + (-1848)/(-49)?
2, 19
Let i(h) be the first derivative of h**3/3 - 3*h**2 + 2. What are the prime factors of i(8)?
2
Suppose -3*u = 3*k + 60, 4*u = 8*u - 3*k + 10